. Calculate g(5).
-8
Let n = 24 - 16. Let u(l) = 3 - n*l - 4 + 4*l. Give u(-3).
11
Let j = 9 + -6. Suppose -2*m + j = -5*o + 2*o, 0 = -m + 4*o - 1. Let v(z) = z**3 - 4*z**2 + z. Give v(m).
-6
Let t = 8 - 4. Suppose 0*n - 5*n = 0. Let c(j) = j**2 + 3 - 2 - 6*j + n*j**2. What is c(t)?
-7
Let s(v) = -v**3 - 6*v**2 - 3*v + 4. Let z be s(-5). Let g(b) = b**2 + 4*b - 3. What is g(z)?
9
Let t = 16 + -25. Let y be (-8)/(-12)*t/2. Let l(b) = 2*b + 2. Determine l(y).
-4
Let o(w) = w**3 - w. Let x(j) = -7*j**3 - 3*j**2 + 5*j. Let c(v) = 5*o(v) + x(v). Give c(-2).
4
Let k(m) = m**2 - 2*m + 2. Let z be k(3). Let t(p) = 2*p**2 - 153*p + 148*p - p**2 - 1. Give t(z).
-1
Let o(v) = 11*v**3 - 7*v**2 + 13*v + 11. Let u(m) = -5*m**3 + 4*m**2 - 7*m - 6. Let p = -12 + 6. Let z(b) = p*o(b) - 11*u(b). Give z(-1).
10
Let x(f) be the first derivative of -f**2/2 + 2*f + 2. Let y = 93 - 90. What is x(y)?
-1
Suppose -4*d + 2*d = 6. Let z = d + 4. Let x(y) = -4 + 3 + 12*y - 4*y. Give x(z).
7
Let u be -1*(-3 - (1 - 0)). Suppose u = r + r. Let a(d) = 2 - 3 - d - r + 1. Calculate a(-4).
2
Let o(j) = -j**3 - 6*j**2 - 7*j - 5. Let k = -69 + 65. Determine o(k).
-9
Let y(m) = 6*m**3 - 2*m**3 - m**2 - 2 - m - 5*m**3 - 2*m**2. Suppose 3 - 12 = 3*d. Calculate y(d).
1
Let v(p) = p - 1. Let q(d) = 7*d - 10. Let g(a) = -q(a) + 6*v(a). Give g(6).
-2
Let v = 0 + 4. Let l(u) = -v*u + 67 - 67. Determine l(-3).
12
Let c(d) = -11*d**3 + d**2 - 2*d + 1. Let a(q) = 56*q**3 - 6*q**2 + 10*q - 6. Let n(l) = 2*a(l) + 11*c(l). What is n(-1)?
9
Let g = -331 - -336. Let v(m) = 3*m**3 - 6*m**2 - 4*m + 7. Let k(n) = -n**3 + n**2 - n - 1. Let a(w) = -2*k(w) - v(w). Determine a(g).
0
Suppose 0 = -3*b + 3 + 3. Suppose -2*h - 6 = -h - b*a, -2 = -a. Let k(g) = -2*g**2 + 2. Determine k(h).
-6
Let y(u) be the second derivative of -u**6/720 - u**5/120 - u**4/6 + 4*u. Let l(f) be the third derivative of y(f). Calculate l(0).
-1
Suppose -5*b + 4*q - 18 = 0, 2*b = -b - q - 4. Let x(m) be the second derivative of -m**3/3 + 4*m. Give x(b).
4
Let n(o) = 0*o**2 - 1 + 13*o**3 + 2*o**2 - o - 2*o**2. Determine n(-1).
-13
Let h(d) = -d**3 + 6*d**2 - 3*d - 6. Suppose 3*u + 0*u + 3 = 0. Let v = 0 - u. Suppose -24 - v = -5*t. Determine h(t).
4
Let v(b) = -2*b - 2. Suppose 2*j + 2*j - 3*n + 1 = 0, 0 = 5*j + 2*n - 16. Let w be v(j). Let q be 3*(-2)/w - -1. Let h(t) = t - 1. Determine h(q).
1
Let m(c) be the second derivative of -c**3/6 - 3*c**2 + 36*c. Determine m(-7).
1
Let m(j) = 2*j**3 - 4*j**3 - 4*j + 3*j. Suppose 3*y + 4 = -y. What is m(y)?
3
Let b(k) = -8*k. Let v(t) = t**2 - 9*t + 13. Let q be v(7). Give b(q).
8
Let b(f) = 6*f**2 + 12*f - 8. Suppose o + 6 = 14. Let g(a) = -2*a**2 - 4*a + 3. Let p(j) = o*g(j) + 3*b(j). Give p(-3).
6
Let i(z) = 277*z**2 - 3*z - 5 + 4 - 280*z**2. What is i(-2)?
-7
Let u be (-36)/(-8)*2 + -4. Let i(j) = j**2 - 7*j + 5. Determine i(u).
-5
Let y(f) = -3*f**2 - 5*f + 37. Let p(l) = l**2 + 2*l - 19. Let u(z) = -5*p(z) - 2*y(z). Determine u(0).
21
Let p(k) = k**2 - 7*k + 10. Let z be p(7). Let y(i) = 6*i. Let g(q) = -q. Let m(f) = z*g(f) + 2*y(f). Give m(5).
10
Suppose -6 - 2 = -4*s. Suppose 4*a - 6 - 4 = k, 11 = -s*k + 5*a. Suppose -5*i - 12 = -k. Let l(m) = -2*m**3 - 4*m**2 - 4*m - 2. Give l(i).
6
Suppose 16 = 53*r - 57*r. Let u(p) = -p**3 - 3*p**2 + 4*p - 1. Determine u(r).
-1
Let z(v) = v + 4. Let i(o) = -7. Let n(l) = -6. Let h(j) = -5*i(j) + 6*n(j). Let f(c) = -5*h(c) - z(c). Suppose 4*q + 9 + 7 = 0. Determine f(q).
5
Let t be (2 - 0)/((-4)/(-6)). Let y(h) be the third derivative of h**7/5040 - h**6/720 - h**5/60 + 5*h**2. Let p(v) be the third derivative of y(v). Give p(t).
2
Let d(i) = -13*i. Let g(u) = -18*u + 3 - 3 + 11*u. Let w(b) = -6*d(b) + 11*g(b). Calculate w(6).
6
Let d(g) be the second derivative of -1/24*g**4 - 1/2*g**2 - 2*g + 1/6*g**3 + 0 - 1/60*g**5. Let f(t) be the first derivative of d(t). Give f(1).
-1
Let h = -11 + 8. Let c(s) = s**2 + 2*s - 4. What is c(h)?
-1
Let f = -2 + -2. Let s be 18/8 + 1/f. Let t(w) = -2*w**3 + w**2 + 4*w - 3. What is t(s)?
-7
Let b be (-4)/14 + (-12)/7. Let s(d) be the first derivative of -d + d**3 + 1 + 1/4*d**4 - 1/2*d**2. What is s(b)?
5
Let u(g) = g**3 - 6*g**2 - 4. Let r be (-24)/(-9) - (-2)/(-3). Let s(z) = -z**3 + 0*z - z**r + 5*z**2 - 2 - z**2 + 2*z. Let c be s(2). What is u(c)?
-4
Let w(l) be the second derivative of -l**6/360 + l**3/2 + 3*l. Let r(f) be the second derivative of w(f). Calculate r(-1).
-1
Let u(y) = -2*y - 10. Let a(j) = j**3 - 5*j**2 - 8*j + 5. Let s be a(6). Let l(k) = k + 5. Let i(w) = s*l(w) - 3*u(w). Calculate i(4).
-9
Let y(x) be the third derivative of -x**4/24 - 3*x**3 + 2*x**2. Let n be y(-14). Let i(m) = m + 5. Calculate i(n).
1
Suppose 0 = 4*x - 4. Let o(d) = d**3 - d**2 + d. Determine o(x).
1
Let c(r) = 5*r**3 + 15*r**2 - 3*r - 1. Let s(k) = -9*k**3 - 29*k**2 + 7*k + 2. Let p(j) = 11*c(j) + 6*s(j). What is p(8)?
9
Suppose -g - g + 10 = -3*j, 3*g - j = 22. Suppose -g*f - 20 = -4*f. Let l(w) = w + 2. What is l(f)?
-3
Let r(a) be the third derivative of -a**5/60 + 7*a**4/24 - a**3/3 + a**2. Let g be r(6). Let s(k) = -2 + k - k**2 + 3*k + 2*k - 3*k. Calculate s(g).
-6
Suppose i + 26 = -4*s, -2*i = 4*s + s + 37. Let g(b) = -b**3 - 5*b**2 + 2*b - 5. Calculate g(i).
19
Let h(x) = x**2 + 14*x + 2. Let j be h(-14). Let d(n) be the first derivative of -3/2*n**j + 2 + 4*n. Determine d(3).
-5
Let r(b) = 2*b - 8. Let i be 6/8*2*-2. Let j(d) = 3*d + 7. Let c(w) = w. Let o(k) = -4*c(k) + j(k). Let u(h) = i*r(h) - 4*o(h). Give u(-3).
2
Let f = -8 + 5. Let r(o) = -1. Let t(n) be the first derivative of -n**3/3 - 4*n**2 - 4*n + 1. Let q(v) = f*r(v) - t(v). Calculate q(-5).
-8
Suppose 0 = -3*c + 2*p - 2, -5*c + 6 + 8 = p. Let a(k) = 2*k - c*k - 1 - k. What is a(-2)?
1
Let h(x) be the first derivative of x**2/2 - 8*x - 3. Let j(q) = 2*q - 17. Let s(m) = 5*h(m) - 2*j(m). Calculate s(5).
-1
Let l = -6 - -8. Let a(d) = -4 - 1 + 0*d - 5*d**l + 2*d + 6*d**2. Let y be a(-4). Let k(w) = w**2 - 2*w - 1. What is k(y)?
2
Let c be 2/5 + (-54)/10. Let v(t) = -11*t - 7. Let p(u) = -14*u - 7. Let b(a) = 3*p(a) - 4*v(a). What is b(c)?
-3
Let u = 24 - 17. Let a(k) = -1 - u*k + 4*k + k. Let y = 1 + -5. Determine a(y).
7
Suppose 4 + 50 = -3*z. Let a = z + 13. Let y(j) be the third derivative of j**5/60 + 5*j**4/24 + j**3/6 + j**2. Give y(a).
1
Let c(t) = 12*t - 1. Let u(s) = -25*s + 1. Let w(p) = 13*c(p) + 6*u(p). Let a(z) = 2*z - 2. Let h(m) = -8*a(m) + 3*w(m). Calculate h(6).
7
Let x(k) = -k + 10. Let d be 1/(-3)*(-1 + 7). Let p(j) be the third derivative of j**6/120 + j**5/30 + j**4/24 + j**3/3 + j**2. Let c be p(d). What is x(c)?
10
Suppose 4*h = -h + 30. Let c(a) = 3*a**2 - 1 - h - 4*a - 2*a**2 - a. Give c(5).
-7
Let f(g) = g**2 + 11*g + 4. Let c(d) = -d**2 - 12*d - 4. Suppose 3*h = -w - 10, 6*w = 5*h + w + 30. Let o(s) = h*c(s) - 5*f(s). Give o(-6).
2
Let g(t) = 5*t + 1. Let m(l) = -16*l - 3. Let y(k) = 8*g(k) + 3*m(k). What is y(1)?
-9
Let a(k) = 3*k**2 + k + k - 4 + 7. Calculate a(-3).
24
Let n(h) be the first derivative of -2*h + 1/4*h**4 - 3/2*h**2 - 1/3*h**3 - 3. Suppose 0*r - 3 = -r. What is n(r)?
7
Let l(t) = -t. Let i = -20 + 17. Calculate l(i).
3
Let l(t) = t**2 + 5*t + 5. Let g be l(-6). Suppose s + 16 = -5*z, -2*z - 2*z + s - g = 0. Let a(w) = w**2 + 3*w + 4. Calculate a(z).
4
Let a(z) be the first derivative of z**4/4 + 2*z**3/3 - 5*z**2/2 - 4*z + 1. Let r be a(-3). Suppose 0 = j + 2 + r. Let g(x) = -x - 5. Give g(j).
-1
Let c(l) be the second derivative of -l**5/20 - l**4/2 - l**3/2 + 15*l. What is c(-3)?
-18
Suppose 0 = -2*c - 4 + 16. Let g(d) be the first derivative of -d**4/4 + 2*d**3 + d**2/2 + d - 2. Determine g(c).
7
Let k(l) = -250*l + 3 + 251*l - 9. Determine k(9).
3
Let s(c) = -36 + 36 + 2*c. Determine s(-3).
-6
Let b(h) = -3*h**2 - h - 2. Let f(v) = -8*v**2 - 3*v - 5. Let l(k) = -11*b(k) + 4*f(k). Determine l(2).
4
Let d = -6 - -7. Let x(n) = -6*n + 1. What is x(d)?
-5
Let y(u) = -3*u - 2. Let q(j) = -j. Let s(b) = 4*q(b) - y(b). Give s(8).
-6
Let b be (5/1)/(1/1). Let w(h) = 10 + h - b + 0*h. Let d = 11 + -16. Calculate w(d).
0
Let n(d) = 2*d**3 - 4*d**2 - d - 4. Let o(t) = -4*t**3 + 7*t**2 + 2*t + 7. Let c(q) = -5*n(q) - 3*o(q). Give c(-1).
-3
Let c(k) = 2*k**2 + 6*k + 2. Let j(z) = z**2 - 2*z. Let x be j(3). 